e hundred thousands digit of 4239108?
2
What is the hundred thousands digit of 6485266?
4
What is the tens digit of 659086?
8
What is the tens digit of 925635?
3
What is the millions digit of 3792970?
3
What is the tens digit of 121042?
4
What is the tens digit of 13120?
2
What is the units digit of 380379?
9
What is the ten thousands digit of 280382?
8
What is the ten millions digit of 10883237?
1
What is the tens digit of 1129072?
7
What is the hundred thousands digit of 2088513?
0
What is the ten thousands digit of 442066?
4
What is the thousands digit of 739030?
9
What is the tens digit of 6896221?
2
What is the hundreds digit of 1815368?
3
What is the hundred thousands digit of 2288821?
2
What is the ten thousands digit of 330505?
3
What is the units digit of 7416857?
7
What is the tens digit of 6855518?
1
What is the units digit of 5790686?
6
What is the tens digit of 5128324?
2
What is the hundreds digit of 213700?
7
What is the thousands digit of 3080928?
0
What is the hundreds digit of 7385858?
8
What is the tens digit of 14969932?
3
What is the ten thousands digit of 179182?
7
What is the thousands digit of 1766965?
6
What is the tens digit of 507281?
8
What is the ten thousands digit of 27346388?
4
What is the hundred thousands digit of 5162013?
1
What is the tens digit of 161091?
9
What is the thousands digit of 1684806?
4
What is the thousands digit of 296750?
6
What is the thousands digit of 81777?
1
What is the units digit of 217705?
5
What is the thousands digit of 2800456?
0
What is the tens digit of 37017024?
2
What is the tens digit of 8070611?
1
What is the thousands digit of 10676089?
6
What is the tens digit of 2152168?
6
What is the hundred thousands digit of 378079?
3
What is the ten thousands digit of 326705?
2
What is the hundreds digit of 2530234?
2
What is the hundred thousands digit of 4481105?
4
What is the tens digit of 140834?
3
What is the units digit of 239783?
3
What is the hundreds digit of 16590372?
3
What is the tens digit of 2670898?
9
What is the hundred thousands digit of 991704?
9
What is the thousands digit of 91566?
1
What is the ten millions digit of 34284868?
3
What is the units digit of 200395?
5
What is the tens digit of 628577?
7
What is the hundred thousands digit of 8460149?
4
What is the hundreds digit of 66967?
9
What is the millions digit of 9538457?
9
What is the ten thousands digit of 5955640?
5
What is the hundred thousands digit of 774699?
7
What is the tens digit of 25386?
8
What is the thousands digit of 385167?
5
What is the millions digit of 1945700?
1
What is the hundreds digit of 28576?
5
What is the thousands digit of 12748?
2
What is the tens digit of 16461963?
6
What is the hundreds digit of 222084?
0
What is the ten millions digit of 10983636?
1
What is the ten thousands digit of 89020?
8
What is the thousands digit of 6361322?
1
What is the units digit of 473764?
4
What is the tens digit of 91691?
9
What is the units digit of 151927?
7
What is the hundreds digit of 623302?
3
What is the hundred thousands digit of 26728573?
7
What is the tens digit of 2343242?
4
What is the units digit of 109118?
8
What is the units digit of 6214545?
5
What is the millions digit of 2783074?
2
What is the units digit of 1190963?
3
What is the tens digit of 10616424?
2
What is the thousands digit of 204004?
4
What is the ten thousands digit of 1364287?
6
What is the units digit of 285413?
3
What is the tens digit of 2714?
1
What is the thousands digit of 38969?
8
What is the ten thousands digit of 2144081?
4
What is the units digit of 7054013?
3
What is the tens digit of 882816?
1
What is the thousands digit of 11468?
1
What is the hundreds digit of 9949716?
7
What is the units digit of 6761689?
9
What is the ten thousands digit of 4165864?
6
What is the units digit of 1381685?
5
What is the hundreds digit of 4919194?
1
What is the hundreds digit of 64778?
7
What is the tens digit of 31579789?
8
What is the tens digit of 549855?
5
What is the units digit of 4763932?
2
What is the units digit of 109850?
0
What is the tens digit of 94901?
0
What is the thousands digit of 359796?
9
What is the ten thousands digit of 2166665?
6
What is the ten thousands digit of 8545983?
4
What is the ten thousands digit of 15947?
1
What is the units digit of 317211?
1
What is the units digit of 428575?
5
What is the units digit of 187005?
5
What is the thousands digit of 120895?
0
What is the ten thousands digit of 486450?
8
What is the hundred thousands digit of 880732?
8
What is the tens digit of 94267?
6
What is the tens digit of 7929567?
6
What is the ten thousands digit of 789399?
8
What is the hundred thousands digit of 8054774?
0
What is the units digit of 9558153?
3
What is the thousands digit of 17902610?
2
What is the ten thousands digit of 408626?
0
What is the units digit of 3352844?
4
What is the hundred thousands digit of 5620377?
6
What is the hundreds digit of 183099?
0
What is the hundred thousands digit of 25013066?
0
What is the hundred thousands digit of 352521?
3
What is the thousands digit of 3064202?
4
What is the hundred thousands digit of 348565?
3
What is the tens digit of 30457?
5
What is the hundreds digit of 9671346?
3
What is the tens digit of 843501?
0
What is the millions digit of 2818481?
2
What is the ten thousands digit of 583216?
8
What is the hundred thousands digit of 344307?
3
What is the hundred thousands digit of 1556640?
5
What is the tens digit of 97027?
2
What is the units digit of 5262618?
8
What is the thousands digit of 196919?
6
What is the ten thousands digit of 261515?
6
What is the tens digit of 19470086?
8
What is the ten thousands digit of 9051036?
5
What is the thousands digit of 546873?
6
What is the units digit of 3268317?
7
What is the ten thousands digit of 1378192?
7
What is the millions digit of 2818208?
2
What is the millions digit of 15157576?
5
What is the millions digit of 1497492?
1
What is the tens digit of 859580?
8
What is the hundreds digit of 1863030?
0
What is the millions digit of 1194556?
1
What is the units digit of 42034894?
4
What is the hundreds digit of 2404?
4
What is the tens digit of 7847326?
2
What is the millions digit of 11307967?
1
What is the ten millions digit of 12376906?
1
What is the hundred thousands digit of 278083?
2
What is the thousands digit of 385125?
5
What is the ten thousands digit of 3131870?
3
What is the hundred thousands digit of 111406?
1
What is the tens digit of 420022?
2
What is the units digit of 408358?
8
What is the tens digit of 1007191?
9
What is the tens digit of 921458?
5
What is the hundred thousands digit of 3992778?
9
What is the units digit of 322666?
6
What is the tens digit of 2788320?
2
What is the tens digit of 62415?
1
What is the thousands digit of 134343?
4
What is the tens digit of 689469?
6
What is the hundreds digit of 573337?
3
What is the hundred thousands digit of 9836810?
8
What is the hundred thousands digit of 25469308?
4
What is the hundreds digit of 5296?
2
What is the millions digit of 7321715?
7
What is the hundreds digit of 300312?
3
What is the tens digit of 8198269?
6
What is the hundred thousands digit of 815217?
8
What is the ten thousands digit of 207436?
0
What is the tens digit of 49512?
1
What is the hundreds digit of 168307?
3
What is the tens digit of 89853?
5
What is the hundreds digit of 1683844?
8
What is the hundreds digit of 145858?
8
What is the hundreds digit of 911698?
6
What is the ten thousands digit of 19507271?
0
What is the ten thousands digit of 15828571?
2
What is the tens digit of 8966106?
0
What is the ten thousands digit of 21631207?
3
What is the thousands digit of 34316?
4
What is the units digit of 200928?
8
What is the millions digit of 27805973?
7
What is the hundreds digit of 7931958?
9
What is the tens digit of 116101?
0
What is the ten thousands digit of 1099811?
9
What is the thousands digit of 713971?
3
What is the thousands digit of 2519595?
9
What is the ten thousands digit of 321553?
2
What is the ten thousands digit of 5482783?
8
What is the thousands digit of 32682?
2
What is the hundred thousands digit of 17499269?
4
What is the ten thousands digit of 26063715?
6
What is the millions digit of 1309362?
1
What is the units digit of